ppose 4*z = -0 - 16, -4*r + z + 80 = 0. Calculate the highest common factor of i and r.
19
Let c be (1/2 - (-50)/12)*3. Let j be (-2 - (-2)/8)*-20. Calculate the greatest common divisor of c and j.
7
Let b be (-8)/28 - 260/(-28). Suppose 16 - b = -n. Let t(y) = -9*y - 9. Let h be t(n). Calculate the greatest common divisor of h and 6.
6
Suppose 36*f - 33733 = -43*f. Calculate the highest common divisor of f and 7.
7
Suppose 0 = -4*m - 0*m - 64. Let z(b) = -b + 47. Let f be z(15). Let r = m + f. Calculate the highest common factor of 176 and r.
16
Suppose 270 - 25 = 5*j. Let g be 92/9 - (1 - j/63). Calculate the greatest common divisor of g and 2.
2
Suppose 2*g - 5*s = 3*g - 30, -16 = -4*s. Let v = -34 + 42. Let o be -25*(-4)/v*4. What is the highest common factor of g and o?
10
Suppose -3*p = -3*q - 376 + 2461, 4*p + 2786 = -2*q. Let l be p/(-36) - (-4)/6. Calculate the greatest common factor of l and 5.
5
Suppose -257 + 223 = -x. Suppose 19 = 4*r + 2*n - 51, 5*n - 56 = -3*r. What is the greatest common divisor of r and x?
17
Suppose -3*i = 3*j - 0*i + 3, -5*j + 4*i + 22 = 0. Let x be 3 - ((-36)/j + 3). Let m = x + 6. What is the greatest common divisor of 60 and m?
12
Let f be -2*((-594)/(-4))/(-1). What is the highest common factor of f and 66?
33
Let f be -4 + 152/40 - (-1173)/15. Calculate the greatest common factor of f and 416.
26
Let a = 2062 + -1873. Let q be 42/(-8)*-1*4. What is the greatest common divisor of q and a?
21
Suppose -2*f + 1187 = x, f - 87*x + 83*x = 607. Calculate the greatest common factor of 70 and f.
35
Let u = -37 + 60. Let p be (7/91)/(60/78) - (-229)/10. What is the highest common factor of u and p?
23
Let r = 717 - 679. Calculate the highest common factor of r and 171.
19
Let l = 5 + 4. Suppose -20 = -l*n + 16. Calculate the greatest common factor of 6 and n.
2
Let q(d) be the first derivative of 5*d**3/3 - 7*d**2/2 + 26*d - 47. Let h be q(4). Calculate the greatest common divisor of 117 and h.
39
Let p be 62 - (4 - 0)/(-4). Let j(a) = a**3 - 6*a**2 - 4*a + 9. Let i be j(5). Let q = 6 - i. Calculate the greatest common factor of q and p.
21
Suppose 68 = h - 7. Suppose -y - h = -6*y. Calculate the greatest common factor of y and 3.
3
Let k(i) = -73*i + 65. Let n be k(0). Calculate the greatest common factor of n and 169.
13
Let z(b) be the first derivative of b**4/4 + 10*b**3/3 + 6*b**2 - 6*b - 12. Let n = -14 + 6. Let d be z(n). What is the highest common factor of d and 286?
26
Suppose 0 = z - 3*s + 64, 4*s - 162 = 3*z + s. Let j = z + 61. Calculate the greatest common factor of j and 108.
12
Suppose 252 = 845*t - 841*t. Suppose 3*m = -5*a + 6, 22 = -0*m + 4*m + 2*a. Calculate the highest common factor of m and t.
7
Let l be 835 + (7 + -4 - 2). What is the greatest common factor of 76 and l?
76
Let d(z) = 14*z**2 + 2*z - 2. Suppose -u - f - 14 = 2*f, 0 = -3*u - 3*f - 18. Let p be d(u). What is the highest common factor of 25 and p?
25
Let h be -9 + 10 - (-1 + -1). Suppose 2*c - 20 = -3*c, c = -h*z + 175. Calculate the greatest common divisor of z and 38.
19
Let l = 49 - 27. Let s = l + 20. What is the highest common factor of s and 28?
14
Let q be (-3 - -8) + (-1 - -1). Calculate the greatest common factor of q and 80.
5
Let n = -4 + 9. Suppose -n*a - 15 = 0, -5*s - 3*a - 2*a = 0. Let p be (s - 0)/3 + 10. Calculate the highest common factor of 11 and p.
11
Suppose 2*z - 65 = -5*m, -z - 2*m + 13 = -6*m. Let t = -17 + z. Calculate the greatest common factor of t and 20.
4
Let z(q) = -q**2 + 10. Let a be z(4). Let p be 72/(-20)*80/a. What is the greatest common factor of p and 6?
6
Suppose 5*h + 2*w - 457 = 0, 3*h - 64 = 5*w + 204. Let q = 61 + h. Calculate the greatest common factor of 19 and q.
19
Let z be (29/1 + -1)*12/24. Suppose z*a + 1188 = 18*a. What is the greatest common factor of 33 and a?
33
Let j(q) = 15*q**3 - 8*q**2 + q + 2. Let z be j(1). What is the highest common factor of z and 950?
10
Let c be 12/40 - (-536)/80. Calculate the greatest common divisor of 1 and c.
1
Suppose -4 - 20 = -6*i. Let v be 546/21*(i - (-1 - -3)). Calculate the greatest common divisor of v and 208.
52
Suppose 40*o - 62*o = -1210. What is the highest common factor of o and 110?
55
Suppose -4*v + 138 = k + 38, -4*k - 5*v = -422. Suppose -56 = 5*z - 2*x, -5*z - x - 53 = -2*x. Let q = z - -22. What is the highest common factor of q and k?
12
Let t be 0/2 + 2*-1. Let n be t + 1*-4 + 0. Let x be (-170)/(-7) + n/21. What is the greatest common divisor of x and 60?
12
Suppose -5*q - 4*y - 1571 - 689 = 0, 0 = 5*q - 5*y + 2215. Let g = -245 - q. What is the greatest common factor of 29 and g?
29
Suppose -4*d + 522 = 5*z, 8*z - 87 = 7*z + 5*d. Let s(r) = -r**2 + 15*r - 3. Let x be s(6). What is the highest common factor of x and z?
51
Let o(b) = 3*b**2 - 7*b + 10. Let u be o(9). Suppose -10*c = -12*c + 152. What is the highest common factor of u and c?
38
Suppose -2*q = -q - 3*i - 69, q = 2*i + 71. Suppose -139 = -4*p + 3*l + 2*l, 3*l - q = -2*p. Calculate the greatest common factor of 144 and p.
36
Let k be (206/(-6))/(11/(-33)). Suppose 0*r - 5*r + k = x, -2*r + 3*x + 48 = 0. Let m be 14/r - (-86)/6. What is the greatest common factor of 75 and m?
15
Let g = 17 + 19. Let v be (4 - (1 - -6)) + 21. Calculate the greatest common divisor of v and g.
18
Let r = -109 - -122. Let c = 88 - 49. Calculate the greatest common factor of r and c.
13
Let u(s) = 55*s + 77*s - 4 - 114*s. Let a be u(1). Calculate the highest common divisor of a and 70.
14
Let l be -10 - (-6 + 2) - -34. Let z(r) = -r**3 - 5*r**2 + r - 1. Let d be z(-5). Let f = l - d. Calculate the greatest common divisor of f and 51.
17
Suppose 79 = 22*u - 97. What is the greatest common divisor of 52 and u?
4
Let i = -126 + 15. Let l = 209 + i. What is the greatest common factor of 14 and l?
14
Let g(w) = -w**3 + 15*w**2 + 37*w + 75. Let i be g(17). Calculate the greatest common factor of 72 and i.
18
Let v(m) = m - 3. Let f be v(9). Let p = 17 + -9. Let w be 15/f + (-4)/p. Calculate the highest common factor of w and 3.
1
Let v = 777 - 737. What is the greatest common factor of 248 and v?
8
Let l(m) = -4*m - 44. Let v be l(-12). Let g(s) = 2*s - 5. Let j be g(5). Suppose 2*a - 1 = 2*u - j, v*a = 16. What is the highest common factor of u and 54?
6
Suppose 3*d - 5 = 4. Suppose -3*c = 4*x + 11, d*c - 6*c = x - 4. Suppose c*o = 376 - 76. What is the greatest common divisor of o and 20?
20
Suppose 2*f = 47 - 35. Calculate the greatest common factor of f and 246.
6
Let f(t) = -4*t - 36. Let m be f(-16). Suppose 0 = c - 3*h - m, 3*h = -c - 7 + 35. What is the highest common factor of c and 308?
28
Let x(p) = p**2 - 4*p + 7. Let b be x(5). Let l = -6 + b. Let n(m) = -m**2 + 11*m - 9. Let y be n(l). Calculate the greatest common factor of y and 14.
7
Let h be ((-2890)/15)/((-2)/(-3)) - 0. Let f = -105 - h. What is the highest common factor of 8 and f?
8
Let q = 826 + -815. Calculate the greatest common divisor of 220 and q.
11
Let d be 4/10 + (-180)/(-50). Suppose 2*n - 37 - 135 = -d*s, -s + 34 = 5*n. What is the highest common factor of s and 154?
22
Let n(y) = 6 + 8 + y - 4. Suppose 0 = h - 3*h + j - 21, -5*j + 60 = -5*h. Let o be n(h). Calculate the greatest common divisor of 4 and o.
1
Suppose s - 4*m = 4*s + 107, 0 = 2*s - 2*m + 76. Let j = -33 - s. Suppose -2 = 2*b - j. Calculate the greatest common divisor of b and 4.
1
Let k = -330 - -350. What is the greatest common divisor of 4 and k?
4
Suppose -41 = -6*c + 4*c + 5*p, 121 = 4*c + 3*p. Suppose 0 = -3*r - 3, r - 55 - 72 = -2*s. Let j = 48 + s. What is the highest common factor of c and j?
28
Let x be (9/6)/((-24)/(-320)). Suppose -20*w + x = -18*w. What is the highest common divisor of 30 and w?
10
Suppose 10 + 18 = z. Suppose -3*w = -2*g - 25, -5*w + 3*w - 15 = 5*g. Let k(c) = 8*c**2 + 7*c + 3. Let p be k(g). What is the highest common divisor of z and p?
28
Suppose x + 4*x - 1100 = 0. Suppose -x = -2*g + o, g - o = 20 + 90. Calculate the greatest common divisor of 22 and g.
22
Let i(s) = 94*s**2 + 4*s + 3. Let h be i(2). What is the highest common divisor of h and 645?
129
Let m(f) = f**3 + 13*f**2 + 28*f - 3. Let z be m(-10). Let c = -28 - -45. Calculate the greatest common divisor of z and c.
17
Let d = -68 + 116. Suppose